{"id":5601,"date":"2021-09-17T08:18:22","date_gmt":"2021-09-17T08:18:22","guid":{"rendered":"https:\/\/www.alpenchaletalmrose.com\/ueber-uns\/"},"modified":"2025-07-12T05:00:53","modified_gmt":"2025-07-12T05:00:53","slug":"ueber-uns","status":"publish","type":"page","link":"https:\/\/www.alpenchaletalmrose.com\/de\/ueber-uns\/","title":{"rendered":"\u00dcber uns"},"content":{"rendered":"\t\t<div data-elementor-type=\"wp-page\" data-elementor-id=\"5601\" class=\"elementor elementor-5601\">\n\t\t\t\t\t\t<section class=\"elementor-section elementor-top-section elementor-element elementor-element-55bc024 elementor-section-full_width qodef-elementor-content-grid elementor-section-height-default elementor-section-height-default\" data-id=\"55bc024\" data-element_type=\"section\" data-e-type=\"section\">\n\t\t\t\t\t\t<div class=\"elementor-container elementor-column-gap-no\">\n\t\t\t\t\t<div class=\"elementor-column elementor-col-100 elementor-top-column elementor-element elementor-element-5abf0b6\" data-id=\"5abf0b6\" data-element_type=\"column\" data-e-type=\"column\">\n\t\t\t<div class=\"elementor-widget-wrap elementor-element-populated\">\n\t\t\t\t\t\t<div class=\"elementor-element elementor-element-90ba6ec elementor-widget elementor-widget-heading\" data-id=\"90ba6ec\" data-element_type=\"widget\" data-e-type=\"widget\" data-widget_type=\"heading.default\">\n\t\t\t\t<div class=\"elementor-widget-container\">\n\t\t\t\t\t<h2 class=\"elementor-heading-title elementor-size-default\">Kurz vorstellen...<\/h2>\t\t\t\t<\/div>\n\t\t\t\t<\/div>\n\t\t\t\t<div class=\"elementor-element elementor-element-78f0d46 elementor-widget elementor-widget-text-editor\" data-id=\"78f0d46\" data-element_type=\"widget\" data-e-type=\"widget\" data-widget_type=\"text-editor.default\">\n\t\t\t\t<div class=\"elementor-widget-container\">\n\t\t\t\t\t\t\t\t\t<p>Im Sommer 2019 fragten wir uns, was der Erf\u00fcllung unseres Traums im Wege steht. Diesen Traum, ein sch\u00f6nes Haus in einem \u00f6sterreichischen Dorf, fanden wir ein Jahr sp\u00e4ter in Auffach in der Wildsch\u00f6nau. Ein wundersch\u00f6nes Anwesen mit urspr\u00fcnglich 15 Zimmern.<\/p><p>Gemeinsam hatten wir einen Traum und er wurde wahr! Ein Platz in den Bergen, Natur, Ruhe und ein eigener Platz, auf den wir stolz sein k\u00f6nnen und an dem wir andere teilhaben lassen wollen. Letzteres, das Genie\u00dfen, ist das, was wir tun, aber auch das, was unsere G\u00e4ste optimal erleben sollen.<\/p><p>Ein leckeres Fr\u00fchst\u00fcck in der Stube, ein Spiel mit der Familie, der Kontakt mit den G\u00e4sten ist uns sehr wichtig und die Pers\u00f6nlichkeit steht an erster Stelle!<\/p><p>Das G\u00e4stehaus wurde 2024 zu sechs Luxuswohnungen und zwei G\u00e4stezimmern in Tiroler Atmosph\u00e4re umgebaut. Wir hoffen, Sie bald im Alpenchalet Almrose begr\u00fc\u00dfen zu d\u00fcrfen!<\/p><p>Ron Rietveld und Esther van Dreumel<\/p>\t\t\t\t\t\t\t\t<\/div>\n\t\t\t\t<\/div>\n\t\t\t\t<div class=\"elementor-element elementor-element-ffe46f9 elementor-widget elementor-widget-image\" data-id=\"ffe46f9\" data-element_type=\"widget\" data-e-type=\"widget\" data-widget_type=\"image.default\">\n\t\t\t\t<div class=\"elementor-widget-container\">\n\t\t\t\t\t\t\t\t\t\t\t\t\t\t\t<img decoding=\"async\" src=\"https:\/\/www.alpenchaletalmrose.com\/wp-content\/uploads\/elementor\/thumbs\/Foto-Esther-en-Ron-rddpy24z6hwgjrvk9bfjz5jni26vkth0vbts0dn00a.jpg\" title=\"Foto Esther en Ron\" alt=\"Foto Esther en Ron\" loading=\"lazy\" \/>\t\t\t\t\t\t\t\t\t\t\t\t\t\t\t<\/div>\n\t\t\t\t<\/div>\n\t\t\t\t\t<\/div>\n\t\t<\/div>\n\t\t\t\t\t<\/div>\n\t\t<\/section>\n\t\t\t\t<section class=\"elementor-section elementor-top-section elementor-element elementor-element-de8e69b elementor-section-boxed elementor-section-height-default elementor-section-height-default qodef-elementor-content-no\" data-id=\"de8e69b\" data-element_type=\"section\" data-e-type=\"section\">\n\t\t\t\t\t\t<div class=\"elementor-container elementor-column-gap-default\">\n\t\t\t\t\t<div class=\"elementor-column elementor-col-100 elementor-top-column elementor-element elementor-element-a958767\" data-id=\"a958767\" data-element_type=\"column\" data-e-type=\"column\">\n\t\t\t<div class=\"elementor-widget-wrap elementor-element-populated\">\n\t\t\t\t\t\t<div class=\"elementor-element elementor-element-572f4eb elementor-widget elementor-widget-heading\" data-id=\"572f4eb\" data-element_type=\"widget\" data-e-type=\"widget\" data-widget_type=\"heading.default\">\n\t\t\t\t<div class=\"elementor-widget-container\">\n\t\t\t\t\t<h2 class=\"elementor-heading-title elementor-size-default\">Sehen Sie sich die vier Jahreszeiten in der Wildsch\u00f6nau an <\/h2>\t\t\t\t<\/div>\n\t\t\t\t<\/div>\n\t\t\t\t<div class=\"elementor-element elementor-element-b74f7f8 elementor-widget elementor-widget-video\" data-id=\"b74f7f8\" data-element_type=\"widget\" data-e-type=\"widget\" data-settings=\"{&quot;youtube_url&quot;:&quot;https:\\\/\\\/www.youtube.com\\\/watch?v=UKPtTctN4D8&quot;,&quot;video_type&quot;:&quot;youtube&quot;,&quot;controls&quot;:&quot;yes&quot;}\" data-widget_type=\"video.default\">\n\t\t\t\t<div class=\"elementor-widget-container\">\n\t\t\t\t\t\t\t<div class=\"elementor-wrapper elementor-open-inline\">\n\t\t\t<div class=\"elementor-video\"><\/div>\t\t<\/div>\n\t\t\t\t\t\t<\/div>\n\t\t\t\t<\/div>\n\t\t\t\t\t<\/div>\n\t\t<\/div>\n\t\t\t\t\t<\/div>\n\t\t<\/section>\n\t\t\t\t<\/div>\n\t\t","protected":false},"excerpt":{"rendered":"<p>Kurz vorstellen&#8230; Im Sommer 2019 fragten wir uns, was der Erf\u00fcllung unseres Traums im Wege steht. Diesen Traum, ein sch\u00f6nes Haus in einem \u00f6sterreichischen Dorf, fanden wir ein Jahr sp\u00e4ter in Auffach in der Wildsch\u00f6nau. Ein wundersch\u00f6nes Anwesen mit urspr\u00fcnglich 15 Zimmern. Gemeinsam hatten wir einen Traum und er wurde wahr! Ein Platz in den [&hellip;]<\/p>\n","protected":false},"author":1,"featured_media":0,"parent":0,"menu_order":0,"comment_status":"closed","ping_status":"closed","template":"page-full-width.php","meta":{"footnotes":""},"class_list":["post-5601","page","type-page","status-publish","hentry"],"_links":{"self":[{"href":"https:\/\/www.alpenchaletalmrose.com\/de\/wp-json\/wp\/v2\/pages\/5601","targetHints":{"allow":["GET"]}}],"collection":[{"href":"https:\/\/www.alpenchaletalmrose.com\/de\/wp-json\/wp\/v2\/pages"}],"about":[{"href":"https:\/\/www.alpenchaletalmrose.com\/de\/wp-json\/wp\/v2\/types\/page"}],"author":[{"embeddable":true,"href":"https:\/\/www.alpenchaletalmrose.com\/de\/wp-json\/wp\/v2\/users\/1"}],"replies":[{"embeddable":true,"href":"https:\/\/www.alpenchaletalmrose.com\/de\/wp-json\/wp\/v2\/comments?post=5601"}],"version-history":[{"count":27,"href":"https:\/\/www.alpenchaletalmrose.com\/de\/wp-json\/wp\/v2\/pages\/5601\/revisions"}],"predecessor-version":[{"id":8538,"href":"https:\/\/www.alpenchaletalmrose.com\/de\/wp-json\/wp\/v2\/pages\/5601\/revisions\/8538"}],"wp:attachment":[{"href":"https:\/\/www.alpenchaletalmrose.com\/de\/wp-json\/wp\/v2\/media?parent=5601"}],"curies":[{"name":"wp","href":"https:\/\/api.w.org\/{rel}","templated":true}]}}

Über uns

<div data-elementor-type="wp-page" data-elementor-id="5601" class="elementor elementor-5601">
						<section class="elementor-section elementor-top-section elementor-element elementor-element-55bc024 elementor-section-full_width qodef-elementor-content-grid elementor-section-height-default elementor-section-height-default" data-id="55bc024" data-element_type="section" data-e-type="section">
						<div class="elementor-container elementor-column-gap-no">
					<div class="elementor-column elementor-col-100 elementor-top-column elementor-element elementor-element-5abf0b6" data-id="5abf0b6" data-element_type="column" data-e-type="column">
			<div class="elementor-widget-wrap elementor-element-populated">
						<div class="elementor-element elementor-element-90ba6ec elementor-widget elementor-widget-heading" data-id="90ba6ec" data-element_type="widget" data-e-type="widget" data-widget_type="heading.default">
				<div class="elementor-widget-container">
					<h2 class="elementor-heading-title elementor-size-default">Kurz vorstellen...</h2>				</div>
				</div>
				<div class="elementor-element elementor-element-78f0d46 elementor-widget elementor-widget-text-editor" data-id="78f0d46" data-element_type="widget" data-e-type="widget" data-widget_type="text-editor.default">
				<div class="elementor-widget-container">
									<p>Im Sommer 2019 fragten wir uns, was der Erfüllung unseres Traums im Wege steht. Diesen Traum, ein schönes Haus in einem österreichischen Dorf, fanden wir ein Jahr später in Auffach in der Wildschönau. Ein wunderschönes Anwesen mit ursprünglich 15 Zimmern.</p><p>Gemeinsam hatten wir einen Traum und er wurde wahr! Ein Platz in den Bergen, Natur, Ruhe und ein eigener Platz, auf den wir stolz sein können und an dem wir andere teilhaben lassen wollen. Letzteres, das Genießen, ist das, was wir tun, aber auch das, was unsere Gäste optimal erleben sollen.</p><p>Ein leckeres Frühstück in der Stube, ein Spiel mit der Familie, der Kontakt mit den Gästen ist uns sehr wichtig und die Persönlichkeit steht an erster Stelle!</p><p>Das Gästehaus wurde 2024 zu sechs Luxuswohnungen und zwei Gästezimmern in Tiroler Atmosphäre umgebaut. Wir hoffen, Sie bald im Alpenchalet Almrose begrüßen zu dürfen!</p><p>Ron Rietveld und Esther van Dreumel</p>								</div>
				</div>
				<div class="elementor-element elementor-element-ffe46f9 elementor-widget elementor-widget-image" data-id="ffe46f9" data-element_type="widget" data-e-type="widget" data-widget_type="image.default">
				<div class="elementor-widget-container">
															<img decoding="async" src="https://www.alpenchaletalmrose.com/wp-content/uploads/elementor/thumbs/Foto-Esther-en-Ron-rddpy24z6hwgjrvk9bfjz5jni26vkth0vbts0dn00a.jpg" title="Foto Esther en Ron" alt="Foto Esther en Ron" loading="lazy" />															</div>
				</div>
					</div>
		</div>
					</div>
		</section>
				<section class="elementor-section elementor-top-section elementor-element elementor-element-de8e69b elementor-section-boxed elementor-section-height-default elementor-section-height-default qodef-elementor-content-no" data-id="de8e69b" data-element_type="section" data-e-type="section">
						<div class="elementor-container elementor-column-gap-default">
					<div class="elementor-column elementor-col-100 elementor-top-column elementor-element elementor-element-a958767" data-id="a958767" data-element_type="column" data-e-type="column">
			<div class="elementor-widget-wrap elementor-element-populated">
						<div class="elementor-element elementor-element-572f4eb elementor-widget elementor-widget-heading" data-id="572f4eb" data-element_type="widget" data-e-type="widget" data-widget_type="heading.default">
				<div class="elementor-widget-container">
					<h2 class="elementor-heading-title elementor-size-default">Sehen Sie sich die vier Jahreszeiten in der Wildschönau an </h2>				</div>
				</div>
				<div class="elementor-element elementor-element-b74f7f8 elementor-widget elementor-widget-video" data-id="b74f7f8" data-element_type="widget" data-e-type="widget" data-settings="{&quot;youtube_url&quot;:&quot;https:\/\/www.youtube.com\/watch?v=UKPtTctN4D8&quot;,&quot;video_type&quot;:&quot;youtube&quot;,&quot;controls&quot;:&quot;yes&quot;}" data-widget_type="video.default">
				<div class="elementor-widget-container">
							<div class="elementor-wrapper elementor-open-inline">
			<div class="elementor-video"></div>		</div>
						</div>
				</div>
					</div>
		</div>
					</div>
		</section>
				</div>

<p>Kurz vorstellen&#8230; Im Sommer 2019 fragten wir uns, was der Erfüllung unseres Traums im Wege steht. Diesen Traum, ein schönes Haus in einem österreichischen Dorf, fanden wir ein Jahr später in Auffach in der Wildschönau. Ein wunderschönes Anwesen mit ursprünglich 15 Zimmern. Gemeinsam hatten wir einen Traum und er wurde wahr! Ein Platz in den [&hellip;]</p>
